. Let l = q + -5. List the prime factors of l.
37
Let o(n) = 7*n**2 - n - 10. Let h(f) = 20*f**2 - 2*f - 29. Let s(b) = 6*h(b) - 17*o(b). Let q = 10 + -16. List the prime factors of s(q).
2
Let w be 0 + 10*3 + -1. Let m = w + -17. What are the prime factors of m?
2, 3
Suppose -69 = 3*g + 4*q - 7, -g - 24 = 3*q. Let z = g - -38. What are the prime factors of z?
2, 5
Let l(y) = -y**2 - y + 1. Let v be (-10)/(-14) + (-18)/(-63). Let x(t) = -t**2 + 7. Let f(r) = v*x(r) - 2*l(r). What are the prime factors of f(-5)?
2, 5
Let z(x) = -13*x. Let t be z(-2). Suppose 0 = i + i - t. List the prime factors of i.
13
Let j(p) = -43*p + 11. List the prime factors of j(-3).
2, 5, 7
Let x(o) = o**3 - 3*o**2 - 4*o + 3. Let p be x(4). Suppose -70 = -2*k - p*k. What are the prime factors of k?
2, 7
Suppose -3*a = 13 + 35. Let n = -9 - a. What are the prime factors of n?
7
Let l = -4 - -6. Suppose -x = l, 0 = 5*r + 4*x - 15 - 52. What are the prime factors of r?
3, 5
What are the prime factors of -1 - 1/(1/(-34))?
3, 11
Let z(x) = 2*x**2 - 2*x - 12. Let m be z(9). Suppose 0 = -4*w - 5*k + 87, -k = -4*w + 3*k + m. What are the prime factors of w?
2, 7
Suppose -3*n - l = -1 - 11, -4*n + 5*l + 16 = 0. Let q = -2 - -11. Let k = q - n. List the prime factors of k.
5
Suppose -5*o + 3*r + 56 = 0, 3*r - 12 - 23 = -2*o. Suppose -5 = -3*t + o. List the prime factors of t.
2, 3
Let o = -259 + 529. What are the prime factors of o?
2, 3, 5
Let r(k) = -k**2 + 11*k - 13. Let h be (0 + 2 + -3)*0. Let i(v) = -v + 9. Let n be i(h). What are the prime factors of r(n)?
5
Let q(o) = -3*o + 2. Let v be q(-2). Suppose -5*z - 4 = 3*b, 2*z = -2*z - v. List the prime factors of b.
2
Suppose -7*h - 10 = -2*h. Let x = 14 + h. List the prime factors of x.
2, 3
Let d = 38 + 4. What are the prime factors of d?
2, 3, 7
Let g(p) = 10*p**3 - p. What are the prime factors of g(2)?
2, 3, 13
Let f be (2 - (2 - 0)) + 1. Suppose 0 = s - 4 + f. Suppose 0 = -0*v - v + s. What are the prime factors of v?
3
Let b(z) = -z**3 - 5*z**2 + 5*z + 4. Let l be b(-6). What are the prime factors of 346/l - 18/(-45)?
5, 7
Suppose 3*n - 219 = 69. List the prime factors of n.
2, 3
Suppose 7 = h + 3. Suppose l - 15 = -h*l. What are the prime factors of l?
3
Let b = 1 - -1. Let c(u) = 1 + 8*u**2 + 0*u**b + u**2. List the prime factors of c(-1).
2, 5
Let f be (-1)/2*(5 - 5). What are the prime factors of (3/9 + f)*30?
2, 5
Suppose 2*w + 8*r - 3*r - 386 = 0, 0 = -2*w + r + 374. List the prime factors of w.
2, 47
Let f be ((-3)/4)/((-3)/360). Suppose 2*b + 4*q - 74 = -3*b, b + 3*q = 6. Suppose g - 6*g + f = 5*h, 2*h = -g + b. List the prime factors of g.
2, 3
Let h(t) be the third derivative of t**5/30 - t**4/12 - t**3/6 - 2*t**2. Let d be h(-1). Let s = d - -5. What are the prime factors of s?
2
Suppose x = 4*a - 13, 3*a + 0*x = 2*x + 16. Let z(s) = -4 + s**a - 6*s - 3*s + 4*s. What are the prime factors of z(6)?
2
Suppose -4*w - w = -4*f, 0 = -5*w. Let o be (f/(-1) - -1) + 17. Suppose -o = -0*q - 3*q. What are the prime factors of q?
2, 3
Let l(c) = 39*c - 2. What are the prime factors of l(2)?
2, 19
Let d be ((-28)/(-35))/((-4)/(-10)). Let p(t) = 4*t + 2. What are the prime factors of p(d)?
2, 5
Suppose 0 = -3*o + 190 - 79. What are the prime factors of o?
37
Suppose 5*s = 3*s + 3*t + 126, 3*s + 2*t - 189 = 0. What are the prime factors of s?
3, 7
Suppose -5*p = -10*p + 25. Let w(a) = -a**3 + 5*a**2 - a. Let f be w(p). Let h = 13 + f. List the prime factors of h.
2
Let l = -11 - -8. Let o(r) = -r**3 + 6. Let q be o(0). What are the prime factors of ((-63)/q - l)*-2?
3, 5
Let x(h) = 2*h**2 + 2*h. Let c be x(-2). Let z be (2 + 18)*3/6. Suppose 0 = -c*n - n + z. List the prime factors of n.
2
Let y be -46*(3 - 7/2). Suppose 0 = -4*m - f - 0*f - y, -20 = -4*f. List the prime factors of (-16)/(3 + (m - -2)).
2
Suppose 0 = -p + s + 361, -5*s = 4*p - 1078 - 321. What are the prime factors of p?
2, 89
Let w = 18 - -1. Let l = w - 17. List the prime factors of l.
2
What are the prime factors of (206/(-3))/((-1)/3)?
2, 103
Let w(p) = p**3 - 3*p**2 + 3*p. Let h be w(3). Let u be (-1 - h*-4) + -1. Suppose 3*k + 40 = 4*l - k, -4*l + k + u = 0. What are the prime factors of l?
2
Suppose -4*u + 1322 = 2*w + 262, -6 = -3*w. What are the prime factors of u?
2, 3, 11
Suppose -3*o + 141 = 3*g, 4*g + 42 = 2*o - 34. List the prime factors of o.
2, 11
Let l = -5 - -4. Let f(i) = -14*i**3 + 2*i**2 + 2*i + 1. What are the prime factors of f(l)?
3, 5
Let q be 2/2 + 4/1. Let f = q + -1. Let n = f + 1. What are the prime factors of n?
5
Suppose -17 = -y - 0*p - 5*p, -2*y + 20 = 3*p. Suppose y*z + 7 = 8*z. What are the prime factors of z?
7
Suppose 5*c - 1248 = u, 7*c - 4*u - 242 = 6*c. What are the prime factors of c?
2, 5
Let w(x) = -x**2 + 5*x + 5. Let n(h) = -h - 3. Let y be n(-5). Suppose -y*l + 3*r - 4 = 1, -5*l = -2*r - 15. What are the prime factors of w(l)?
5
Suppose b + 6 = 2*b. Let r = b + -6. Suppose -d + 5 + 7 = r. List the prime factors of d.
2, 3
Let l = -3 + 8. Let r be 10/l - 28/(-2). Suppose w = 5*w - r. What are the prime factors of w?
2
Suppose -4*p = -31 + 3. List the prime factors of p.
7
Let b(f) = 2*f**2 + 6*f + 5. Suppose 0 = l + 5*h - h + 20, l + h + 8 = 0. List the prime factors of b(l).
13
Let c be (-558)/(-12) + (-2)/4. Let g = c - 21. What are the prime factors of g?
5
Let o(y) = -y**3 - 7*y**2 - 6*y + 8. Let z be o(-6). Let j = -6 + z. Suppose -3*q = j*q - 60. List the prime factors of q.
2, 3
Suppose -38 = 5*j - 3. Suppose -44 = -4*g + y, 5*g - 3*y - 52 = g. Let k = g + j. List the prime factors of k.
3
Let j(c) = -c**3 + 12*c**2 + 6. Let b be j(11). Suppose 4*a + 247 = 5*y, -2*a - 114 - b = -5*y. What are the prime factors of y?
47
Suppose 0 = -k - 3*k + 16. Suppose 10 = 5*q + w, 3 = -5*q - k*w - 2. Suppose -95 = -2*i - q*i. List the prime factors of i.
19
Let l = 44 - 35. List the prime factors of l.
3
Suppose -22 = -2*w + 5*p + 159, -4*w + 335 = -p. List the prime factors of w.
83
Let s(n) = -4*n - 9. Let f(d) = 16*d + 37. Let k(v) = 2*f(v) + 9*s(v). Let w be k(-5). What are the prime factors of (-2 - -2) + (w - 0)?
13
Let q(r) = -1 + 1 + 2 + 0 - r. List the prime factors of q(0).
2
Suppose 3*d + 2*d - 50 = 0. What are the prime factors of d?
2, 5
Suppose 3*w - w = 6. Suppose w*h = -2*h. What are the prime factors of 12*(h - 3/(-6))?
2, 3
Let i = -3 + 3. Let d(h) = h**3 + h + 3. What are the prime factors of d(i)?
3
What are the prime factors of (-10)/((30/186)/(-5))?
2, 5, 31
Let n = -66 + 116. What are the prime factors of n?
2, 5
Let i(p) = -p**3 - 4*p**2 - 4*p - 3. Let f be i(-3). Suppose -5*x + 277 - 77 = f. What are the prime factors of x?
2, 5
Suppose 4*d = 2*f + f - 3, 2*d + 4 = 2*f. List the prime factors of d.
3
Let t = 4 - 1. Let s be t*((-12)/9)/4. List the prime factors of s/(-3)*(19 + -1).
2, 3
Let a(j) = -11*j**3 - 10*j**2 - j - 1. Let v(n) = 5*n**3 + 5*n**2 + 1. Let x(t) = -4*a(t) - 9*v(t). List the prime factors of x(-6).
7
Let l(m) = -5*m**2 + 4*m + 9. Let c(n) = n**2 + n + 1. Let f(u) = 6*c(u) + l(u). What are the prime factors of f(-10)?
3, 5
What are the prime factors of (-1434)/(-26) - 18/117?
5, 11
Suppose -4*l = l - 10. List the prime factors of (-2 - (-19 + -1)) + l.
2, 5
Suppose 65 = 2*y + 3*y. Let a = 41 - y. List the prime factors of a.
2, 7
Suppose 0 = 2*s - 5*x + 29, 5*s + 109 - 2 = x. Let u = s - -32. List the prime factors of u.
2, 5
Let s = -4 + 9. Let i(a) = -a + 7. Let f be i(s). List the prime factors of 3 - (1 - f) - 0.
2
List the prime factors of 308 + ((-3)/12 - (-51)/12).
2, 3, 13
Suppose 2 + 0 = z. Suppose z*j + 0*j = 26. What are the prime factors of j?
13
Let q(v) = -10*v - 5. Let w be q(-7). Suppose -u + 6*u = w. List the prime factors of u.
13
Let n(z) be the first derivative of -3*z**2/2 + 4*z - 4. What are the prime factors of n(-5)?
19
Let z(b) = b**2 - b + 2. Let f be z(2). Suppose -4*c + 8 = f*s - s, 4*c = -5*s + 8. Suppose t - 5 = 0, -2 = c*o - 2*t - 8. List the prime factors of o.
2
Let o = -2 - -4. Suppose 1 = -o*s + 5. What are the prime factors of 15 - (s + 0/(-3))?
13
Let h = 191 - 62. What are the prime factors of h?
3, 43
Let v = -10 - -58. Let w = v + -33. List the prime factors of w.
3, 5
Let u(v) = v**2 + 8*v + 4. Let n be u(-8). Suppose -j + n = j.